mon factor of 7104 and 3108.
444
Calculate the greatest common divisor of 5988 and 84.
12
Calculate the highest common factor of 2072408 and 104.
104
Calculate the greatest common divisor of 1310 and 44210.
10
Calculate the greatest common factor of 237 and 3746733.
237
Calculate the greatest common divisor of 884 and 1073108.
68
Calculate the greatest common factor of 6138 and 810.
18
Calculate the highest common divisor of 990906 and 966.
42
Calculate the greatest common divisor of 338151 and 66.
33
Calculate the greatest common divisor of 10746 and 1107.
27
What is the highest common divisor of 2798940 and 60?
60
Calculate the highest common factor of 197876 and 16576.
1036
Calculate the greatest common divisor of 58 and 1737767.
29
Calculate the highest common factor of 12756 and 108.
12
Calculate the highest common divisor of 19728 and 13104.
144
Calculate the greatest common factor of 1406 and 143773.
19
Calculate the greatest common factor of 213 and 6178917.
213
Calculate the highest common factor of 406 and 123018.
406
Calculate the highest common factor of 37 and 11692.
37
Calculate the greatest common factor of 539 and 1386.
77
Calculate the highest common divisor of 51957 and 1449.
207
What is the highest common factor of 4466 and 4774?
154
What is the highest common divisor of 27835 and 95?
95
What is the highest common factor of 724471 and 6633?
737
Calculate the greatest common factor of 31353 and 63.
21
Calculate the greatest common divisor of 85 and 84439.
17
What is the highest common factor of 369 and 1644?
3
What is the greatest common factor of 1085 and 1220191?
217
What is the greatest common factor of 168025 and 975?
325
Calculate the highest common divisor of 35 and 189.
7
Calculate the highest common divisor of 896 and 5075.
7
What is the highest common divisor of 16762 and 58?
58
What is the highest common divisor of 278800 and 3196?
68
What is the greatest common divisor of 28659 and 2706?
123
Calculate the greatest common divisor of 9 and 591579.
9
What is the greatest common divisor of 10998 and 36?
18
What is the greatest common factor of 409615 and 2074?
1037
Calculate the highest common divisor of 89 and 325829.
89
What is the greatest common factor of 1664969 and 123?
41
What is the greatest common divisor of 468 and 283218?
78
Calculate the greatest common divisor of 39522 and 1050.
42
What is the greatest common divisor of 2724 and 11123?
227
Calculate the greatest common divisor of 1107 and 190322.
41
What is the highest common divisor of 388 and 89822?
194
What is the greatest common divisor of 288 and 565472?
32
Calculate the greatest common factor of 288895 and 95.
95
Calculate the highest common factor of 16802 and 217.
31
Calculate the greatest common factor of 7436 and 36673.
169
Calculate the greatest common divisor of 5495 and 1855.
35
What is the highest common divisor of 948 and 194316?
12
What is the highest common factor of 28032 and 24?
24
Calculate the highest common divisor of 2378904 and 44.
44
Calculate the highest common factor of 12770 and 290.
10
Calculate the highest common factor of 85041 and 27.
9
What is the highest common factor of 700 and 16975?
175
Calculate the greatest common factor of 1129291 and 137.
137
Calculate the highest common divisor of 160 and 7523840.
160
Calculate the greatest common divisor of 62293 and 154.
77
What is the greatest common divisor of 526792 and 4?
4
Calculate the highest common factor of 100 and 76050.
50
Calculate the highest common factor of 120 and 51144.
24
What is the greatest common factor of 14 and 664034?
14
Calculate the greatest common factor of 119430 and 2.
2
Calculate the highest common divisor of 15360 and 66480.
240
What is the greatest common factor of 20 and 283630?
10
Calculate the highest common factor of 18937 and 54199.
653
What is the highest common divisor of 152688 and 3984?
48
Calculate the greatest common factor of 186 and 1238109.
93
What is the highest common divisor of 110 and 365690?
10
Calculate the greatest common divisor of 34952 and 1224.
136
What is the highest common factor of 420404 and 4167?
463
What is the greatest common divisor of 1400 and 1582?
14
What is the highest common factor of 917038 and 986?
58
What is the greatest common factor of 42194 and 1387?
73
What is the highest common factor of 112038 and 2343?
213
Calculate the highest common divisor of 402208 and 160.
32
What is the greatest common divisor of 120 and 527420?
20
What is the highest common factor of 46 and 1011356?
46
Calculate the greatest common divisor of 100 and 326675.
25
Calculate the highest common divisor of 12958 and 44.
22
What is the highest common divisor of 132146 and 994?
14
What is the greatest common factor of 248 and 3331756?
124
Calculate the highest common factor of 3200 and 26.
2
What is the greatest common factor of 228640 and 40?
40
What is the highest common factor of 415 and 3015?
5
Calculate the highest common divisor of 103140 and 405.
135
What is the highest common divisor of 18 and 594630?
18
Calculate the greatest common divisor of 1391040 and 8211.
483
Calculate the highest common factor of 1096 and 18880.
8
What is the greatest common factor of 2992 and 3088492?
748
Calculate the greatest common divisor of 89029 and 289.
17
What is the highest common divisor of 64 and 24896?
64
Calculate the highest common divisor of 25 and 27.
1
Calculate the greatest common factor of 318 and 448751.
53
What is the highest common factor of 340 and 20160?
20
What is the greatest common factor of 3069 and 527?
31
What is the greatest common factor of 8980346 and 1322?
1322
What is the highest common divisor of 50 and 158275?
25
What is the greatest common divisor of 2035 and 243265?
55
What is the highest common factor of 1658 and 413671?
829
What is the highest common factor of 240 and 110340?
60
Calculate the greatest common divisor of 1781 and 65.
13
Calculate the greatest common divisor of 120 and 53835.
15
What is the greatest common divisor of 24222 and 462?
66
What is the greatest common factor of 729 and 101817?
243
What is the highest common divisor of 18056 and 15128?
488
What is the highest common factor of 20682 and 108?
54
What is the highest common factor of 455 and 16679?
13
Calculate the greatest common divisor of 3759 and 112.
7
Calculate the highest common divisor of 18446 and 46.
46
What is the greatest common divisor of 102 and 3632679?
51
Calculate the greatest common factor of 568 and 164791.
71
Calculate the highest common factor of 115971 and 3219.
87
Calculate the greatest common factor of 31625 and 1397.
11
Calculate the highest common divisor of 31882 and 38.
38
Calculate the highest common divisor of 15872 and 248.
248
Calculate the highest common divisor of 200 and 5781800.
200
Calculate the greatest common divisor of 608 and 486.
2
What is the highest common factor of 22 and 15098?
2
Calculate the highest common divisor of 33426 and 432.
54
Calculate the greatest common factor of 14364 and 594244.
532
Calculate the highest common factor of 3674 and 18326.
22
Calculate the greatest common divisor of 138694 and 62.
62
Calculate the greatest common divisor of 988 and 714077.
247
Calculate the greatest common factor of 2566 and 4.
2
What is the highest common divisor of 32088 and 15?
3
Calculate the highest common factor of 931 and 6213.
19
Calculate the greatest common factor of 1322 and 812369.
661
Calculate the highest common factor of 62 and 200198.
62
Calculate the highest common divisor of 38 and 11594978.
38
Calculate the highest common divisor of 531 and 6519087.
531
Calculate the greatest common factor of 299193 and 114.
57
What is the highest common factor of 94 and 245340?
94
Calculate the greatest common factor of 952 and 3706.
34
Calculate the highest common factor of 604 and 63722.
302
What is the greatest common divisor of 4773 and 5106?
111
Calculate the highest common divisor of 664048 and 28.
28
What is the greatest common factor of 556116 and 121?
121
Calculate the greatest common divisor of 40657 and 1744.
109
What is the highest common factor of 235 and 13969105?
235
What is the highest common divisor of 145325 and 50?
25
What is the greatest common divisor of 786 and 63?
3
What 